 + 30. Suppose -13*d + 30 = -j*d. Determine x(d).
-5
Let l(j) be the first derivative of 0*j + 1/120*j**5 - j**3 - 1/360*j**6 + 2 + 0*j**2 + 1/24*j**4. Let a(c) be the third derivative of l(c). Give a(2).
-1
Let y(o) = 3*o. Let d(p) be the second derivative of -p**3/3 + 4*p. Let b(u) = 7*d(u) + 5*y(u). What is b(-5)?
-5
Let a(q) = q**3 + 15*q**2 + 13*q - 16. Let r be a(-14). Let b be (-38)/8 - r/(-8). Let s(o) = 5*o - 2 + 5 + o**2 + 0*o**2. Give s(b).
3
Let f be 9/(-4)*(7 + -3). Let n = 14 + f. Let a(d) = d + 9. Let j(h) = h + 6. Let s(z) = -3*a(z) + 5*j(z). Determine s(n).
13
Let w(y) be the first derivative of -y**2 + 3*y - 3. Let c be (-40)/10 + 7 + 0. Calculate w(c).
-3
Let v(b) = -7. Let q(d) = d - 1. Let i(n) = 3*q(n) - v(n). Let p = -18 + 11. Let x(g) = -2*g - 3. Let c(f) = p*x(f) - 6*i(f). Give c(-2).
5
Let i(o) be the second derivative of -11/2*o**2 - 32*o + 1/20*o**5 - 3/2*o**3 + 0 - 7/12*o**4. Calculate i(8).
-19
Let x(z) be the second derivative of -z**5/20 + 7*z**4/12 - z**3 + 4*z**2 - 7*z. Suppose -3*r = 3 + 6. Let g be -3 - 27/(r - 0). What is x(g)?
8
Let o(b) = -b - 16. Let j(n) = 20*n + 1. Let h be j(1). Suppose h + 4 = -5*p. Let l be (2 - 2)/(-4 - p). Calculate o(l).
-16
Let g(m) be the first derivative of m**2/2 + 12*m - 3. Let v be g(-12). Let d(z) = -z**2 + z + 5. Determine d(v).
5
Suppose 210 = 10*c + 32*c. Let p(v) = -2*v - 1. Determine p(c).
-11
Suppose l + 1 = -5. Let y(m) = m - 7. Let t(v) = -1. Suppose 4*r + 2*s = -12, r + 3*r + 3*s = -16. Let a(x) = r*y(x) + 5*t(x). Calculate a(l).
8
Let r(x) = 4 + 14*x + 6*x - 19*x - 3. What is r(2)?
3
Let a(o) be the second derivative of -o**7/1260 + o**6/240 + o**5/30 + 3*o**4/4 + 10*o. Let f(v) be the third derivative of a(v). What is f(3)?
-5
Let u(o) = 9*o - 7. Let l be u(1). Let z(c) be the second derivative of -3/2*c**l - 1/6*c**3 + 0 - 3*c. Give z(-6).
3
Let j(n) = -13*n**3 - 8*n**2 + 12*n - 6. Let g(o) = -7*o**3 - 4*o**2 + 6*o - 3. Let v(y) = 11*g(y) - 6*j(y). Let x = -678 - -673. What is v(x)?
8
Let s(b) = b + 550 - 551 + b + 7*b. Give s(6).
53
Let l(q) = -5*q**2 - 10*q + 75. Let g be l(-5). Let k(h) = h + 1. Determine k(g).
1
Let x(t) be the second derivative of 1/24*t**4 + 0 - 1/6*t**3 + 1/60*t**5 - t**2 + t. Let g(r) be the first derivative of x(r). Determine g(-1).
-1
Let d(a) = -10*a**3 - 4*a - 14. Let u(h) = 5 + 5*h**3 + 3*h**3 - 5*h**3 + h. Let n(t) = 2*d(t) + 7*u(t). Determine n(0).
7
Suppose -3*k - 5*d - 6 + 32 = 0, -4*k + d + 4 = 0. Let f(v) = -k + 10*v + 0*v - 7*v. Determine f(3).
7
Let j(s) be the third derivative of s**5/120 + s**4/24 + 2*s**3 - 3*s**2. Let n(t) be the first derivative of j(t). Calculate n(0).
1
Let a(s) = s**2 + 7*s - 3. Let p be (3 + -1)*(-10 + 99/18). Calculate a(p).
15
Let p(t) = 4*t + 4. Let z be p(2). Suppose r + z = 4*r. Let n(i) be the second derivative of -i**3/6 + i**2 + 2*i. Determine n(r).
-2
Let z(f) be the second derivative of -f**5/20 + f**4/4 + f**3/3 - 5*f**2/2 - 4*f - 12. Calculate z(4).
-13
Let l(r) be the first derivative of r**2/2 - 5*r + 362. Suppose -2*k - 4 = 2*p, -4 + 2 = -3*k - p. Suppose k*o = -3*o. What is l(o)?
-5
Let a(d) = 5*d - 7. Let u(z) = 14*z - 20. Let n(t) = -6*t + 7. Let o be n(4). Let s(m) = o*a(m) + 6*u(m). Calculate s(-3).
2
Let c(o) = 15*o - 11 + 5*o**3 - 18*o + 10*o**2 + 4*o**3 - 10*o**3. Calculate c(9).
43
Let n(u) = -3*u**3 + 9*u**2 + 9*u - 2. Let h(j) = -j**3 + 4*j**2 + 4*j - 1. Let p(z) = 5*h(z) - 2*n(z). Let t = -28 + 22. Let f = 4 + t. Calculate p(f).
-5
Let d(x) = x**2 + 6*x + 5. Let j(s) = s**2 + 5*s + 4. Let v(n) = 4*d(n) - 5*j(n). Let w(t) = 4*t**2 + 10*t + 6. Let k(f) = 3*v(f) + w(f). Calculate k(-4).
-6
Let g = 13 - -3. Let b be (1 + (-44)/g)*-4. Let x(o) = o + 8. Determine x(b).
15
Let w(p) = -5*p - 66. Let k be w(-12). Let f(c) = -c - 12. Determine f(k).
-6
Let k(f) = f**3 + 7*f**2 + 8*f + 1. Let w be (-7 - -1)/3*3. Determine k(w).
-11
Suppose 3*u - 9 + 27 = 0. Let x = -10 + 15. Let i(d) = x + 0 - 4 + d. Give i(u).
-5
Let n(f) = f**2 + 9*f + 4. Let r be n(-8). Let j be 3 + r + -4 + 0. Let y(t) = t**2 + 3*t - 3. Give y(j).
7
Let j(g) = -5*g**2 + 2*g. Let w be (-3 + (-116)/(-36))/(8/72). Calculate j(w).
-16
Let f(a) = -a**2 + 37*a - 61. Let c be f(35). Let z(p) = -p**3 + 9*p**2 - 3*p + 3. Calculate z(c).
-24
Suppose -h + 3*s = 8, 2*s = 6 - 0. Let c(o) = 6 + 12 + h - 5 - o**2. Give c(0).
14
Let d(t) = t - 13. Suppose 5*u + k + 10 = -k, -2*k - 10 = 3*u. Give d(u).
-13
Let d(q) = -q + 7. Let x(w) = w - 8. Let h(o) = 4*d(o) + 3*x(o). Suppose 3*p = 2*t - 26, t + 19 = -5*p - 20. Let r be (-4)/p + 52/(-8). Give h(r).
10
Let g(h) be the third derivative of 0*h + 13*h**2 + 1/60*h**5 + 0 + 1/12*h**4 + 0*h**3 + 1/120*h**6. Give g(-2).
-8
Let r(h) be the first derivative of -h**4/3 - h**3/3 - h**2/2 - 2*h - 2. Let a(c) be the first derivative of r(c). Let d be (-240)/720*1*3. Calculate a(d).
-3
Let h(t) = 14 + 19 - 3*t - 3*t**2 + 2*t**2 - 38. What is h(-4)?
-9
Let a(v) = -v + 2. Suppose -49 + 9 = -8*p. Suppose p*b + 3 = -3*w + 66, 0 = -2*b - 6. Suppose m + w - 31 = 0. What is a(m)?
-3
Suppose 11*y - 15 = 6*y. Let i(u) = u - 15 + 10 + y*u. Let f(g) = 5*g**2 - 2*g + 1. Let x be f(1). Determine i(x).
11
Let c(d) = -3*d + 13. Let z = -627 + 630. Calculate c(z).
4
Let z(d) = d**2 + 5*d - 1. Let v be z(-5). Let l be 2 - ((0 - v) + -1). Let f be -3*7/(21/l). Let k(j) = 4*j. Determine k(f).
-8
Let p(u) = 5*u + 8. Suppose -12*t + 11*t = 4. Calculate p(t).
-12
Let a be ((10 - 18) + 8)*-1. Let s(j) = -j**3 + j**2 - j - 4. Calculate s(a).
-4
Suppose 0*k = 3*k + 45. Let h = 22 - 41. Let u = h - k. Let j(d) = -d**3 - 5*d**2 - 4*d. What is j(u)?
0
Let z(b) = 21*b**2 + b - 1. Let t be z(1). Suppose n = 4*v - t, 0*n + 36 = 4*v - 4*n. Let h(o) = -1 + 1113*o - 2229*o + 4 + 1115*o. Calculate h(v).
-1
Suppose -5*x = -3*c - 8, -24 = -20*c + 18*c - 4*x. Let v(i) be the first derivative of -c - 1/2*i**2 + 6*i. Determine v(-5).
11
Let k(d) be the first derivative of d**4/4 - 13*d**3/3 + 6*d**2 + 9*d - 542. Calculate k(12).
9
Let i(w) = -w**2 - 1. Let p(j) = 4*j**2 - j - 3. Let z(k) = 6*i(k) + p(k). Let n(f) be the first derivative of z(f). Give n(4).
-17
Suppose -d + 6*j - 2*j = 15, 2*d + 4*j = 6. Let v(x) = x - 12. Let l be v(14). Let w(n) = -4 - 4*n**l + 2*n + 6*n**2 - 3*n**2 - 4*n. Give w(d).
-7
Suppose 15 = q + a + 3*a, 0 = -5*q - 4*a + 27. Let l = 155 + -153. Let y(z) = 2 + q*z + 0*z - l*z + 0*z. Determine y(-5).
-3
Suppose -m + 3 = 4. Let a(b) = -5*b + b**2 + 5*b - 1 + b. What is a(m)?
-1
Let u(d) = d - 7. Let b be u(10). Let l = 6 + b. Suppose -h + l = -3*r - 3*h, -4*h = -r - 3. Let a(i) = i**2 + 3*i. Give a(r).
0
Let l(i) = 10*i + 1. Let t(m) = -m**3 + 6*m**2 - 6*m + 6. Suppose 0 = 4*g - 0 - 20. Let u be t(g). What is l(u)?
11
Let y = -6 - -4. Let i(h) = h**3 + 7*h**2 - 7*h + 10. Let j be i(-8). Let c(s) = 1 + 0*s**j - 2 + s**2. Calculate c(y).
3
Let l(k) = k**2. Let c be (-1)/(11/(-10) - -1). Let u = c + -12. Determine l(u).
4
Let p = -17 + 17. Let z(r) = r**2 - r + 2 - 4*r + p*r. What is z(6)?
8
Let q(x) = -3 - x**2 + 22*x**2 + 2*x + 6*x - 22*x**2 - 2. Let n(u) = 2*u - 6. Let d be n(6). Calculate q(d).
7
Let d(y) = -y**3 + 9*y**2 - 9*y + 11. Let m be 2/8 + (-124)/(-16). Suppose -m*t = -3*t - 560. Let i be (t/35)/((-2)/(-5)). Give d(i).
3
Let x = -23 + 20. Let n be 3 - (3/1 + x). Let p(l) = 1 + n*l - l**2 + 0*l + 6*l**3 + 0*l - 4*l. Determine p(1).
5
Let v(l) be the first derivative of 6 + 3/2*l**2 + 3*l + 1/3*l**3. What is v(-3)?
3
Suppose -2*a - 3*a = 0. Suppose -d = 2*m + 3, d + 1 = -2*m - 2*m. Let u(k) = 17 - m - 4 + k. What is u(a)?
12
Let p(w) = w**2 + 7*w + 9. Suppose 120 = 249*q - 269*q. What is p(q)?
3
Suppose 58*g - 59*g + 5*j = 3, 3*g - 2*j = 4. Let u(o) = -o + 5 + 1 - 3 - 3*o. What is u(g)?
-5
Let h(a) = -a**3 - 300 + 13*a + 290 - 5*a**2 + 17*a**2. Determine h(13).
-10
Let w(y) = 2*y**2 - 2*y**3 - 2 + y**3 + 1 + 2*y**3. Let r(p) = p**3 + 12*p**2 - 12*p + 16. Let n be r(-13). Let g be -3 + n/(-9)*-15. Determine w(g).
15
Let w(f) = -f**3 - 12*f**2 + 14*f + 8. Suppose -49 = 7*m + 42. Calculate w(m).
-5
Let l(q) = 2*q + 25. Let y(g) = -3*g - 39. Let c(m) = 8*l(m) + 5*y(m). What is c(0)?
5
Suppose -3*r - 15 = -0*r. Let c(z) = -6*z**2 - 8*z + 1. Let k(p) = -p**2 - 1. Let n(t) = r*k(t) + c(t). Calculate n(